{"id":1042,"date":"2024-10-14T14:55:02","date_gmt":"2024-10-14T19:55:02","guid":{"rendered":"https:\/\/www.panver.mx\/web\/?page_id=1042"},"modified":"2026-02-26T14:47:41","modified_gmt":"2026-02-26T20:47:41","slug":"transparencia-estatal","status":"publish","type":"page","link":"https:\/\/www.panver.mx\/web\/transparencia-estatal\/","title":{"rendered":"Transparencia Estatal"},"content":{"rendered":"\n<h2 class=\"wp-block-heading has-text-align-left has-large-font-size\"><strong>INTEGRANTES DEL COMIT\u00c9 DE TRANSPARENCIA, ACCESO A LA INFORMACI\u00d3N P\u00daBLICA Y PROTECCI\u00d3N DE DATOS PERSONALES DEL COMIT\u00c9 DIRECTIVO ESTATAL DEL PARTIDO ACCI\u00d3N NACIONAL EN EL ESTADO DE VERACRUZ<\/strong><\/h2>\n\n\n\n<p class=\"has-text-align-left\" style=\"font-size:17px;font-style:normal;font-weight:600;letter-spacing:px\">El Comit\u00e9 Estatal es la autoridad m\u00e1xima en materia de transparencia, acceso a la informaci\u00f3n y protecci\u00f3n de datos personales, sin perjuicio de las facultades de coordinaci\u00f3n y vigilancia que sobre ellos posee el Comit\u00e9 de Transparencia y Acceso a la Informaci\u00f3n P\u00fablica del Partido Acci\u00f3n Nacional en el Estado de Veracruz; Conforme a los principios y bases establecidos por el art\u00edculo 6\u00b0 de la Constituci\u00f3n Pol\u00edtica de los Estados Unidos Mexicanos, la Ley 875 de Transparencia y Acceso a la Informaci\u00f3n P\u00fablica para el Estado de Veracruz de Ignacio de la Llave y del Reglamento de Transparencia, Acceso a la Informaci\u00f3n y Protecci\u00f3n de Datos Personales en Posesi\u00f3n del Partido Acci\u00f3n&nbsp;Nacional.<\/p>\n\n\n\n<hr class=\"wp-block-separator has-text-color has-vivid-cyan-blue-color has-alpha-channel-opacity has-vivid-cyan-blue-background-color has-background\"\/>\n\n\n\n<div class=\"wp-block-group is-layout-grid wp-container-core-group-is-layout-9649a0d9 wp-block-group-is-layout-grid\">\n<p><\/p>\n\n\n\n<p class=\"has-text-align-center wp-container-content-e29552f7\"><strong>NOMBRE<\/strong><\/p>\n\n\n\n<p class=\"has-text-align-center wp-container-content-e29552f7\"><strong>FUNCI\u00d3N EN EL COMIT\u00c9\/CARGO <\/strong><\/p>\n<\/div>\n\n\n\n<div class=\"wp-block-group is-layout-grid wp-container-core-group-is-layout-9649a0d9 wp-block-group-is-layout-grid\">\n<figure class=\"wp-block-gallery has-nested-images columns-default is-cropped wp-block-gallery-1 is-layout-flex wp-block-gallery-is-layout-flex\">\n<figure class=\"wp-block-image size-full\"><img loading=\"lazy\" decoding=\"async\" width=\"720\" height=\"900\" data-id=\"1862\" src=\"https:\/\/www.panver.mx\/web\/wp-content\/uploads\/2025\/05\/2.png\" alt=\"\" class=\"wp-image-1862\" srcset=\"https:\/\/www.panver.mx\/web\/wp-content\/uploads\/2025\/05\/2.png 720w, https:\/\/www.panver.mx\/web\/wp-content\/uploads\/2025\/05\/2-240x300.png 240w\" sizes=\"auto, (max-width: 720px) 100vw, 720px\" \/><\/figure>\n<\/figure>\n\n\n\n<p class=\"has-text-align-center wp-container-content-e29552f7\"><strong>Lic. Yeri Adauta Ordaz<\/strong><\/p>\n\n\n\n<p class=\"has-text-align-center wp-container-content-e29552f7\"><strong>Presidente<\/strong>\/Director Jur\u00eddico del PAN<\/p>\n<\/div>\n\n\n\n<p><\/p>\n\n\n\n<div class=\"wp-block-group is-layout-grid wp-container-core-group-is-layout-9649a0d9 wp-block-group-is-layout-grid\">\n<figure class=\"wp-block-gallery has-nested-images columns-default is-cropped wp-block-gallery-2 is-layout-flex wp-block-gallery-is-layout-flex\">\n<figure class=\"wp-block-image size-large\"><img loading=\"lazy\" decoding=\"async\" width=\"800\" height=\"800\" data-id=\"3624\" src=\"https:\/\/www.panver.mx\/web\/wp-content\/uploads\/2026\/01\/icono-del-perfil-avatar-defecto-105356015.webp\" alt=\"\" class=\"wp-image-3624\" srcset=\"https:\/\/www.panver.mx\/web\/wp-content\/uploads\/2026\/01\/icono-del-perfil-avatar-defecto-105356015.webp 800w, https:\/\/www.panver.mx\/web\/wp-content\/uploads\/2026\/01\/icono-del-perfil-avatar-defecto-105356015-300x300.webp 300w, https:\/\/www.panver.mx\/web\/wp-content\/uploads\/2026\/01\/icono-del-perfil-avatar-defecto-105356015-150x150.webp 150w, https:\/\/www.panver.mx\/web\/wp-content\/uploads\/2026\/01\/icono-del-perfil-avatar-defecto-105356015-768x768.webp 768w, https:\/\/www.panver.mx\/web\/wp-content\/uploads\/2026\/01\/icono-del-perfil-avatar-defecto-105356015-80x80.webp 80w, https:\/\/www.panver.mx\/web\/wp-content\/uploads\/2026\/01\/icono-del-perfil-avatar-defecto-105356015-320x320.webp 320w\" sizes=\"auto, (max-width: 800px) 100vw, 800px\" \/><\/figure>\n<\/figure>\n\n\n\n<p class=\"has-text-align-center wp-container-content-e29552f7\"><strong>Lic. Jani Vargas de Jes\u00fas<\/strong><\/p>\n\n\n\n<p class=\"has-text-align-center wp-container-content-e29552f7\"><strong>Vocal<\/strong>\/Responsable de Tesorer\u00eda<\/p>\n<\/div>\n\n\n\n<p><\/p>\n\n\n\n<div class=\"wp-block-group is-layout-grid wp-container-core-group-is-layout-9649a0d9 wp-block-group-is-layout-grid\">\n<figure class=\"wp-block-gallery has-nested-images columns-default is-cropped wp-block-gallery-3 is-layout-flex wp-block-gallery-is-layout-flex\">\n<figure class=\"wp-block-image size-large\"><img loading=\"lazy\" decoding=\"async\" width=\"480\" height=\"600\" data-id=\"1392\" src=\"https:\/\/www.panver.mx\/web\/wp-content\/uploads\/2024\/12\/FOTOS-INFANTIL-PAN-5.jpg\" alt=\"\" class=\"wp-image-1392\" srcset=\"https:\/\/www.panver.mx\/web\/wp-content\/uploads\/2024\/12\/FOTOS-INFANTIL-PAN-5.jpg 480w, https:\/\/www.panver.mx\/web\/wp-content\/uploads\/2024\/12\/FOTOS-INFANTIL-PAN-5-240x300.jpg 240w\" sizes=\"auto, (max-width: 480px) 100vw, 480px\" \/><\/figure>\n<\/figure>\n\n\n\n<p class=\"has-text-align-center wp-container-content-e29552f7\"><strong>Mtro. Gabriel Medardo L\u00f3pez Garc\u00eda<\/strong><\/p>\n\n\n\n<p class=\"has-text-align-center wp-container-content-e29552f7\"><strong>Vocal<\/strong>\/Secretario de Fortalecimiento Interno e Identidad<\/p>\n<\/div>\n\n\n\n<p><\/p>\n\n\n\n<div class=\"wp-block-group is-layout-grid wp-container-core-group-is-layout-9649a0d9 wp-block-group-is-layout-grid\">\n<figure class=\"wp-block-gallery has-nested-images columns-default is-cropped wp-block-gallery-4 is-layout-flex wp-block-gallery-is-layout-flex\">\n<figure class=\"wp-block-image size-full\"><img loading=\"lazy\" decoding=\"async\" width=\"720\" height=\"900\" data-id=\"3730\" src=\"https:\/\/www.panver.mx\/web\/wp-content\/uploads\/2026\/02\/Diseno-sin-titulo-4.png\" alt=\"\" class=\"wp-image-3730\" srcset=\"https:\/\/www.panver.mx\/web\/wp-content\/uploads\/2026\/02\/Diseno-sin-titulo-4.png 720w, https:\/\/www.panver.mx\/web\/wp-content\/uploads\/2026\/02\/Diseno-sin-titulo-4-240x300.png 240w\" sizes=\"auto, (max-width: 720px) 100vw, 720px\" \/><\/figure>\n<\/figure>\n\n\n\n<p class=\"has-text-align-center wp-container-content-e29552f7\"><strong>Lic. Alba Lizette C\u00f3rdova Hern\u00e1ndez<\/strong><\/p>\n\n\n\n<p class=\"has-text-align-center wp-container-content-e29552f7\"><strong>Vocal<\/strong>\/Responsable de la Secretar\u00eda de Comunicaci\u00f3n<\/p>\n<\/div>\n\n\n\n<p><\/p>\n\n\n\n<div class=\"wp-block-group is-layout-grid wp-container-core-group-is-layout-9649a0d9 wp-block-group-is-layout-grid\">\n<figure class=\"wp-block-gallery has-nested-images columns-default is-cropped wp-block-gallery-5 is-layout-flex wp-block-gallery-is-layout-flex\">\n<figure class=\"wp-block-image size-large\"><img loading=\"lazy\" decoding=\"async\" width=\"681\" height=\"1024\" data-id=\"1885\" src=\"https:\/\/www.panver.mx\/web\/wp-content\/uploads\/2025\/06\/Imagen-de-WhatsApp-2024-10-23-a-las-17.19.02_51707b49-1-681x1024.jpg\" alt=\"\" class=\"wp-image-1885\" srcset=\"https:\/\/www.panver.mx\/web\/wp-content\/uploads\/2025\/06\/Imagen-de-WhatsApp-2024-10-23-a-las-17.19.02_51707b49-1-681x1024.jpg 681w, https:\/\/www.panver.mx\/web\/wp-content\/uploads\/2025\/06\/Imagen-de-WhatsApp-2024-10-23-a-las-17.19.02_51707b49-1-200x300.jpg 200w, https:\/\/www.panver.mx\/web\/wp-content\/uploads\/2025\/06\/Imagen-de-WhatsApp-2024-10-23-a-las-17.19.02_51707b49-1-768x1155.jpg 768w, https:\/\/www.panver.mx\/web\/wp-content\/uploads\/2025\/06\/Imagen-de-WhatsApp-2024-10-23-a-las-17.19.02_51707b49-1-1021x1536.jpg 1021w, https:\/\/www.panver.mx\/web\/wp-content\/uploads\/2025\/06\/Imagen-de-WhatsApp-2024-10-23-a-las-17.19.02_51707b49-1.jpg 1064w\" sizes=\"auto, (max-width: 681px) 100vw, 681px\" \/><\/figure>\n<\/figure>\n\n\n\n<p class=\"has-text-align-center wp-container-content-e29552f7\"><strong>Mtra. Montserrat Ortega Ruiz<\/strong><\/p>\n\n\n\n<p class=\"has-text-align-center wp-container-content-e29552f7\"><strong>Vocal<\/strong>\/Secretaria de Promoci\u00f3n Pol\u00edtica de la Mujer<\/p>\n<\/div>\n\n\n\n<p><\/p>\n\n\n\n<div class=\"wp-block-group is-layout-grid wp-container-core-group-is-layout-9649a0d9 wp-block-group-is-layout-grid\">\n<figure class=\"wp-block-gallery has-nested-images columns-default is-cropped wp-block-gallery-6 is-layout-flex wp-block-gallery-is-layout-flex\">\n<figure class=\"wp-block-image size-large\"><a class=\"https:\/\/drive.google.com\/file\/d\/1KWj7m1MWHELpRSxBApisDjLi93fqxlbL\/view?usp=sharing\" href=\"https:\/\/drive.google.com\/file\/d\/1KWj7m1MWHELpRSxBApisDjLi93fqxlbL\/view?usp=sharing\" target=\"_blank\" rel=\"https:\/\/drive.google.com\/file\/d\/1KWj7m1MWHELpRSxBApisDjLi93fqxlbL\/view?usp=sharing noopener\"><img loading=\"lazy\" decoding=\"async\" width=\"480\" height=\"600\" data-id=\"1305\" src=\"https:\/\/www.panver.mx\/web\/wp-content\/uploads\/2024\/10\/JMRP-UT.jpg\" alt=\"\" class=\"wp-image-1305\" srcset=\"https:\/\/www.panver.mx\/web\/wp-content\/uploads\/2024\/10\/JMRP-UT.jpg 480w, https:\/\/www.panver.mx\/web\/wp-content\/uploads\/2024\/10\/JMRP-UT-240x300.jpg 240w\" sizes=\"auto, (max-width: 480px) 100vw, 480px\" \/><\/a><\/figure>\n<\/figure>\n\n\n\n<p class=\"has-text-align-center wp-container-content-e29552f7\"><strong>Lic. Jes\u00fas Manuel Revuelta Patricio<\/strong><\/p>\n\n\n\n<p class=\"wp-container-content-e29552f7\"><strong>Secretario T\u00e9cnico<\/strong>\/Titular de la Unidad de Transparencia<\/p>\n<\/div>\n\n\n\n<hr class=\"wp-block-separator has-text-color has-vivid-cyan-blue-color has-alpha-channel-opacity has-vivid-cyan-blue-background-color has-background\"\/>\n\n\n\n<p><strong>Los integrantes del Comit\u00e9 de Transparencia tendr\u00e1n voz y voto, el Titular de la Unidad de Transparencia Estatal, \u00fanicamente tendr\u00e1 derecho a voz y fungir\u00e1 como Secretario&nbsp;T\u00e9cnico.<\/strong><\/p>\n\n\n\n<div class=\"wp-block-group is-layout-grid wp-container-core-group-is-layout-9649a0d9 wp-block-group-is-layout-grid\">\n<figure class=\"wp-block-gallery has-nested-images columns-default is-cropped wp-block-gallery-7 wp-container-content-e29552f7 is-layout-flex wp-block-gallery-is-layout-flex\">\n<figure class=\"wp-block-image size-large\"><a class=\"https:\/\/www.plataformadetransparencia.org.mx\/Inicio\" href=\"https:\/\/www.plataformadetransparencia.org.mx\/Inicio\" target=\"_blank\" rel=\"https:\/\/www.plataformadetransparencia.org.mx\/Inicio noopener\"><img loading=\"lazy\" decoding=\"async\" width=\"1024\" height=\"517\" data-id=\"1263\" src=\"https:\/\/www.panver.mx\/web\/wp-content\/uploads\/2024\/10\/Transparencia-3-1024x517.png\" alt=\"\" class=\"wp-image-1263\" srcset=\"https:\/\/www.panver.mx\/web\/wp-content\/uploads\/2024\/10\/Transparencia-3-1024x517.png 1024w, https:\/\/www.panver.mx\/web\/wp-content\/uploads\/2024\/10\/Transparencia-3-300x151.png 300w, https:\/\/www.panver.mx\/web\/wp-content\/uploads\/2024\/10\/Transparencia-3-768x388.png 768w, https:\/\/www.panver.mx\/web\/wp-content\/uploads\/2024\/10\/Transparencia-3-1536x775.png 1536w, https:\/\/www.panver.mx\/web\/wp-content\/uploads\/2024\/10\/Transparencia-3.png 1835w\" sizes=\"auto, (max-width: 1024px) 100vw, 1024px\" \/><\/a><\/figure>\n<\/figure>\n\n\n\n<figure class=\"wp-block-gallery has-nested-images columns-default is-cropped wp-block-gallery-8 is-layout-flex wp-block-gallery-is-layout-flex\"><\/figure>\n\n\n\n<figure class=\"wp-block-gallery has-nested-images columns-default is-cropped wp-block-gallery-9 is-layout-flex wp-block-gallery-is-layout-flex\">\n<figure class=\"wp-block-image size-large\"><a class=\"https:\/\/ivai.org.mx\/\" href=\"https:\/\/ivai.org.mx\/\" target=\"_blank\" rel=\"https:\/\/ivai.org.mx\/ noopener\"><img loading=\"lazy\" decoding=\"async\" width=\"1024\" height=\"546\" data-id=\"1264\" src=\"https:\/\/www.panver.mx\/web\/wp-content\/uploads\/2024\/10\/IVAI-2-1024x546.jpg\" alt=\"\" class=\"wp-image-1264\" srcset=\"https:\/\/www.panver.mx\/web\/wp-content\/uploads\/2024\/10\/IVAI-2-1024x546.jpg 1024w, https:\/\/www.panver.mx\/web\/wp-content\/uploads\/2024\/10\/IVAI-2-300x160.jpg 300w, https:\/\/www.panver.mx\/web\/wp-content\/uploads\/2024\/10\/IVAI-2-768x410.jpg 768w, https:\/\/www.panver.mx\/web\/wp-content\/uploads\/2024\/10\/IVAI-2.jpg 1200w\" sizes=\"auto, (max-width: 1024px) 100vw, 1024px\" \/><\/a><\/figure>\n<\/figure>\n<\/div>\n\n\n\n<p><\/p>\n","protected":false},"excerpt":{"rendered":"<p>INTEGRANTES DEL COMIT\u00c9 DE TRANSPARENCIA, ACCESO A LA INFORMACI\u00d3N P\u00daBLICA Y PROTECCI\u00d3N DE DATOS PERSONALES DEL COMIT\u00c9 DIRECTIVO ESTATAL DEL PARTIDO ACCI\u00d3N NACIONAL EN EL ESTADO DE VERACRUZ El Comit\u00e9 Estatal es la autoridad&#46;&#46;&#46;<\/p>\n","protected":false},"author":1,"featured_media":0,"parent":0,"menu_order":0,"comment_status":"closed","ping_status":"closed","template":"","meta":{"footnotes":""},"class_list":["post-1042","page","type-page","status-publish","hentry"],"yoast_head":"<!-- This site is optimized with the Yoast SEO plugin v26.5 - https:\/\/yoast.com\/wordpress\/plugins\/seo\/ -->\n<title>Transparencia Estatal - PAN Veracruz<\/title>\n<meta name=\"robots\" content=\"index, follow, max-snippet:-1, max-image-preview:large, max-video-preview:-1\" \/>\n<link rel=\"canonical\" href=\"https:\/\/www.panver.mx\/web\/transparencia-estatal\/\" \/>\n<meta property=\"og:locale\" content=\"es_MX\" \/>\n<meta property=\"og:type\" content=\"article\" \/>\n<meta property=\"og:title\" content=\"Transparencia Estatal - PAN Veracruz\" \/>\n<meta property=\"og:description\" content=\"INTEGRANTES DEL COMIT\u00c9 DE TRANSPARENCIA, ACCESO A LA INFORMACI\u00d3N P\u00daBLICA Y PROTECCI\u00d3N DE DATOS PERSONALES DEL COMIT\u00c9 DIRECTIVO ESTATAL DEL PARTIDO ACCI\u00d3N NACIONAL EN EL ESTADO DE VERACRUZ El Comit\u00e9 Estatal es la autoridad&#046;&#046;&#046;\" \/>\n<meta property=\"og:url\" content=\"https:\/\/www.panver.mx\/web\/transparencia-estatal\/\" \/>\n<meta property=\"og:site_name\" content=\"PAN Veracruz\" \/>\n<meta property=\"article:modified_time\" content=\"2026-02-26T20:47:41+00:00\" \/>\n<meta property=\"og:image\" content=\"https:\/\/www.panver.mx\/web\/wp-content\/uploads\/2025\/05\/2.png\" \/>\n\t<meta property=\"og:image:width\" content=\"720\" \/>\n\t<meta property=\"og:image:height\" content=\"900\" \/>\n\t<meta property=\"og:image:type\" content=\"image\/png\" \/>\n<meta name=\"twitter:card\" content=\"summary_large_image\" \/>\n<meta name=\"twitter:label1\" content=\"Tiempo de lectura\" \/>\n\t<meta name=\"twitter:data1\" content=\"3 minutos\" \/>\n<script type=\"application\/ld+json\" class=\"yoast-schema-graph\">{\"@context\":\"https:\/\/schema.org\",\"@graph\":[{\"@type\":\"WebPage\",\"@id\":\"https:\/\/www.panver.mx\/web\/transparencia-estatal\/\",\"url\":\"https:\/\/www.panver.mx\/web\/transparencia-estatal\/\",\"name\":\"Transparencia Estatal - PAN Veracruz\",\"isPartOf\":{\"@id\":\"https:\/\/www.panver.mx\/web\/#website\"},\"primaryImageOfPage\":{\"@id\":\"https:\/\/www.panver.mx\/web\/transparencia-estatal\/#primaryimage\"},\"image\":{\"@id\":\"https:\/\/www.panver.mx\/web\/transparencia-estatal\/#primaryimage\"},\"thumbnailUrl\":\"https:\/\/www.panver.mx\/web\/wp-content\/uploads\/2025\/05\/2.png\",\"datePublished\":\"2024-10-14T19:55:02+00:00\",\"dateModified\":\"2026-02-26T20:47:41+00:00\",\"breadcrumb\":{\"@id\":\"https:\/\/www.panver.mx\/web\/transparencia-estatal\/#breadcrumb\"},\"inLanguage\":\"es\",\"potentialAction\":[{\"@type\":\"ReadAction\",\"target\":[\"https:\/\/www.panver.mx\/web\/transparencia-estatal\/\"]}]},{\"@type\":\"ImageObject\",\"inLanguage\":\"es\",\"@id\":\"https:\/\/www.panver.mx\/web\/transparencia-estatal\/#primaryimage\",\"url\":\"https:\/\/www.panver.mx\/web\/wp-content\/uploads\/2025\/05\/2.png\",\"contentUrl\":\"https:\/\/www.panver.mx\/web\/wp-content\/uploads\/2025\/05\/2.png\",\"width\":720,\"height\":900},{\"@type\":\"BreadcrumbList\",\"@id\":\"https:\/\/www.panver.mx\/web\/transparencia-estatal\/#breadcrumb\",\"itemListElement\":[{\"@type\":\"ListItem\",\"position\":1,\"name\":\"Inicio\",\"item\":\"https:\/\/www.panver.mx\/web\/\"},{\"@type\":\"ListItem\",\"position\":2,\"name\":\"Transparencia Estatal\"}]},{\"@type\":\"WebSite\",\"@id\":\"https:\/\/www.panver.mx\/web\/#website\",\"url\":\"https:\/\/www.panver.mx\/web\/\",\"name\":\"PAN Veracruz\",\"description\":\"Sitio del Comit\u00e9 Directivo Estatal del Partido Acci\u00f3n Nacional en Veracruz\",\"publisher\":{\"@id\":\"https:\/\/www.panver.mx\/web\/#organization\"},\"potentialAction\":[{\"@type\":\"SearchAction\",\"target\":{\"@type\":\"EntryPoint\",\"urlTemplate\":\"https:\/\/www.panver.mx\/web\/?s={search_term_string}\"},\"query-input\":{\"@type\":\"PropertyValueSpecification\",\"valueRequired\":true,\"valueName\":\"search_term_string\"}}],\"inLanguage\":\"es\"},{\"@type\":\"Organization\",\"@id\":\"https:\/\/www.panver.mx\/web\/#organization\",\"name\":\"PAN Veracruz\",\"url\":\"https:\/\/www.panver.mx\/web\/\",\"logo\":{\"@type\":\"ImageObject\",\"inLanguage\":\"es\",\"@id\":\"https:\/\/www.panver.mx\/web\/#\/schema\/logo\/image\/\",\"url\":\"https:\/\/www.panver.mx\/web\/wp-content\/uploads\/2022\/12\/logocabecera.png\",\"contentUrl\":\"https:\/\/www.panver.mx\/web\/wp-content\/uploads\/2022\/12\/logocabecera.png\",\"width\":409,\"height\":200,\"caption\":\"PAN Veracruz\"},\"image\":{\"@id\":\"https:\/\/www.panver.mx\/web\/#\/schema\/logo\/image\/\"}}]}<\/script>\n<!-- \/ Yoast SEO plugin. -->","yoast_head_json":{"title":"Transparencia Estatal - PAN Veracruz","robots":{"index":"index","follow":"follow","max-snippet":"max-snippet:-1","max-image-preview":"max-image-preview:large","max-video-preview":"max-video-preview:-1"},"canonical":"https:\/\/www.panver.mx\/web\/transparencia-estatal\/","og_locale":"es_MX","og_type":"article","og_title":"Transparencia Estatal - PAN Veracruz","og_description":"INTEGRANTES DEL COMIT\u00c9 DE TRANSPARENCIA, ACCESO A LA INFORMACI\u00d3N P\u00daBLICA Y PROTECCI\u00d3N DE DATOS PERSONALES DEL COMIT\u00c9 DIRECTIVO ESTATAL DEL PARTIDO ACCI\u00d3N NACIONAL EN EL ESTADO DE VERACRUZ El Comit\u00e9 Estatal es la autoridad&#46;&#46;&#46;","og_url":"https:\/\/www.panver.mx\/web\/transparencia-estatal\/","og_site_name":"PAN Veracruz","article_modified_time":"2026-02-26T20:47:41+00:00","og_image":[{"width":720,"height":900,"url":"https:\/\/www.panver.mx\/web\/wp-content\/uploads\/2025\/05\/2.png","type":"image\/png"}],"twitter_card":"summary_large_image","twitter_misc":{"Tiempo de lectura":"3 minutos"},"schema":{"@context":"https:\/\/schema.org","@graph":[{"@type":"WebPage","@id":"https:\/\/www.panver.mx\/web\/transparencia-estatal\/","url":"https:\/\/www.panver.mx\/web\/transparencia-estatal\/","name":"Transparencia Estatal - PAN Veracruz","isPartOf":{"@id":"https:\/\/www.panver.mx\/web\/#website"},"primaryImageOfPage":{"@id":"https:\/\/www.panver.mx\/web\/transparencia-estatal\/#primaryimage"},"image":{"@id":"https:\/\/www.panver.mx\/web\/transparencia-estatal\/#primaryimage"},"thumbnailUrl":"https:\/\/www.panver.mx\/web\/wp-content\/uploads\/2025\/05\/2.png","datePublished":"2024-10-14T19:55:02+00:00","dateModified":"2026-02-26T20:47:41+00:00","breadcrumb":{"@id":"https:\/\/www.panver.mx\/web\/transparencia-estatal\/#breadcrumb"},"inLanguage":"es","potentialAction":[{"@type":"ReadAction","target":["https:\/\/www.panver.mx\/web\/transparencia-estatal\/"]}]},{"@type":"ImageObject","inLanguage":"es","@id":"https:\/\/www.panver.mx\/web\/transparencia-estatal\/#primaryimage","url":"https:\/\/www.panver.mx\/web\/wp-content\/uploads\/2025\/05\/2.png","contentUrl":"https:\/\/www.panver.mx\/web\/wp-content\/uploads\/2025\/05\/2.png","width":720,"height":900},{"@type":"BreadcrumbList","@id":"https:\/\/www.panver.mx\/web\/transparencia-estatal\/#breadcrumb","itemListElement":[{"@type":"ListItem","position":1,"name":"Inicio","item":"https:\/\/www.panver.mx\/web\/"},{"@type":"ListItem","position":2,"name":"Transparencia Estatal"}]},{"@type":"WebSite","@id":"https:\/\/www.panver.mx\/web\/#website","url":"https:\/\/www.panver.mx\/web\/","name":"PAN Veracruz","description":"Sitio del Comit\u00e9 Directivo Estatal del Partido Acci\u00f3n Nacional en Veracruz","publisher":{"@id":"https:\/\/www.panver.mx\/web\/#organization"},"potentialAction":[{"@type":"SearchAction","target":{"@type":"EntryPoint","urlTemplate":"https:\/\/www.panver.mx\/web\/?s={search_term_string}"},"query-input":{"@type":"PropertyValueSpecification","valueRequired":true,"valueName":"search_term_string"}}],"inLanguage":"es"},{"@type":"Organization","@id":"https:\/\/www.panver.mx\/web\/#organization","name":"PAN Veracruz","url":"https:\/\/www.panver.mx\/web\/","logo":{"@type":"ImageObject","inLanguage":"es","@id":"https:\/\/www.panver.mx\/web\/#\/schema\/logo\/image\/","url":"https:\/\/www.panver.mx\/web\/wp-content\/uploads\/2022\/12\/logocabecera.png","contentUrl":"https:\/\/www.panver.mx\/web\/wp-content\/uploads\/2022\/12\/logocabecera.png","width":409,"height":200,"caption":"PAN Veracruz"},"image":{"@id":"https:\/\/www.panver.mx\/web\/#\/schema\/logo\/image\/"}}]}},"_links":{"self":[{"href":"https:\/\/www.panver.mx\/web\/wp-json\/wp\/v2\/pages\/1042","targetHints":{"allow":["GET"]}}],"collection":[{"href":"https:\/\/www.panver.mx\/web\/wp-json\/wp\/v2\/pages"}],"about":[{"href":"https:\/\/www.panver.mx\/web\/wp-json\/wp\/v2\/types\/page"}],"author":[{"embeddable":true,"href":"https:\/\/www.panver.mx\/web\/wp-json\/wp\/v2\/users\/1"}],"replies":[{"embeddable":true,"href":"https:\/\/www.panver.mx\/web\/wp-json\/wp\/v2\/comments?post=1042"}],"version-history":[{"count":46,"href":"https:\/\/www.panver.mx\/web\/wp-json\/wp\/v2\/pages\/1042\/revisions"}],"predecessor-version":[{"id":3731,"href":"https:\/\/www.panver.mx\/web\/wp-json\/wp\/v2\/pages\/1042\/revisions\/3731"}],"wp:attachment":[{"href":"https:\/\/www.panver.mx\/web\/wp-json\/wp\/v2\/media?parent=1042"}],"curies":[{"name":"wp","href":"https:\/\/api.w.org\/{rel}","templated":true}]}}